 t(g) = -g**2 + 9*g - 7. Let p be t(m). Suppose 68 = 2*i + v, 7 = 4*v - p. What is the tens digit of i?
3
Let i = 185 - 131. Let h = -25 + 40. Let t = i - h. What is the tens digit of t?
3
Suppose -4*o = 5*x + 48, 3*o - 23 = 4*x + 34. What is the hundreds digit of -1 + 1 - (x/(-6) + -105)?
1
Suppose -5*n = -687 - 2683. What is the units digit of n?
4
Let o be 0/(-1) - (-856 - 9). Suppose 5*z + 25 = o. What is the hundreds digit of z?
1
Let u = 21 - 6. Suppose -2*p = -t + u, 3*p + 5 = 2*p. Suppose -4*s - t*c = -2*s - 55, 60 = s - 4*c. What is the tens digit of s?
4
Let v(z) = -z**2 + 13*z + 19. Let o be v(14). Suppose o*r - 2*s = -0*r + 393, -r + 78 = -s. What is the tens digit of r?
7
Suppose 5*z - 12 = 13. Suppose -278 = -5*p + 2*c + 310, -3*p + 368 = -z*c. What is the tens digit of p?
1
Let z(c) = c**2 + c - 9. Let j(p) = 4*p + 69. Let u be j(-16). What is the units digit of z(u)?
1
Let u = 1095 + 2565. What is the hundreds digit of u?
6
Let j(q) = q**3 - q**2 - 2*q. Let b be j(0). Suppose 0 = h + 3*i - 42, 5*h - 180 = -b*i - 5*i. What is the tens digit of h?
3
Let f(l) = -25*l. Let w(n) = 2*n**2 - 22*n + 2. Let k be w(11). Suppose -5*j - 18 = 2*h, 0 = 4*j - 0*h + k*h + 16. What is the tens digit of f(j)?
5
Suppose 3*n = n + 66. Suppose h - 5 = n. What is the tens digit of h?
3
Let x(g) = -g**3 + 22*g**2 - 9*g + 47. What is the units digit of x(21)?
9
Suppose h + 1920 = 2*l, -l - l - h = -1916. Suppose -6*k + l = 389. What is the tens digit of k?
9
Let b(w) = w**2 + w + 5. Let v be b(0). Suppose -v*o = 6*o - 924. What is the units digit of o?
4
What is the units digit of 3/36 + (-24406)/(-24)?
7
Let f = 15 - 13. Let w(q) = 2*q**3 - 2 + 3*q - 2*q**2 + 0*q**3 - f*q**2 + 3*q**3. What is the units digit of w(2)?
8
Suppose 0 = -2*a + 5*n - 43 + 15, a + 12 = 2*n. Let u be 3*14/6 + a. Suppose u*w + 2*d + 2*d = 126, -d - 210 = -5*w. What is the units digit of w?
2
Let w = 3 + -3. Suppose 5*u + w*u = 0. What is the units digit of u/(7 - 3) + 17?
7
Let o(r) = 51*r. Suppose -28 = 4*w - 8. Let t be o(w). What is the tens digit of 3/(5/(t/(-9)))?
1
Suppose -2*n - 7*g + 2 = -9*g, 5*n + 3*g = -3. Suppose -5*l + 861 + 49 = n. What is the units digit of l?
2
Suppose -3*u - 2*p + 218 = 0, -2*p - 85 - 129 = -3*u. What is the units digit of u?
2
Suppose 0 = -29*q + 6*q + 11155. What is the tens digit of q?
8
Let v(f) = -f**2 + 6*f - 3. Let a be v(6). Let w = 28 - 26. What is the units digit of w/a + (-476)/(-12)?
9
Suppose 894 = -22*i + 5668. What is the hundreds digit of i?
2
Let j = -84 + 186. What is the units digit of j?
2
Let q(x) = 2*x**2 + 5*x + 11. What is the units digit of q(-5)?
6
Suppose 0 = 2*t - 6 - 2. Suppose 4*i - t*j + 28 = 0, -4*j = -4*i - 7*j - 49. What is the units digit of ((-25)/i)/(1/6)?
5
Suppose -8*p + 12*p = 16. Suppose 0 = -p*z + 90 + 74. What is the tens digit of z?
4
Let f = 3200 + -1939. What is the units digit of f?
1
Suppose -3*w - 14 = -8. What is the tens digit of ((-7)/w)/(2/24)?
4
Suppose -3*q - 4*f = -100, 3*q + 6*f = f + 98. Suppose -41*w = -q*w - 65. What is the tens digit of w?
1
Let p = -57 + 1. Let w be 21/((-84)/(-64)) + -9. What is the units digit of (-1712)/p + 3/w?
1
Let t = 525 - -277. Suppose t = 6*c + 322. What is the units digit of c?
0
Suppose 0 = 82*n - 84*n + 324. Suppose 4*i - n = -4*h + 430, -3*h + 3*i = -468. What is the tens digit of h?
5
What is the thousands digit of -6 + 13 - (4 - 2) - -2345?
2
Suppose 0 = 4*f + 6*f - 490. Suppose -179 = -3*l + f. What is the units digit of l?
6
Suppose -40 = -a + 5*o, 5*o + 17 = -3. What is the units digit of 2/(-4) + 570/a?
8
Suppose 0 = -17*f + 10*f + 23996. What is the hundreds digit of f?
4
Let j(d) = -d**2 - 11*d - 11. Suppose 3*l + 27 = -39. Let o = l - -14. What is the units digit of j(o)?
3
Let f be (-1 + 0/4)*-41. Let j be f - ((-1)/1)/1. Suppose -5*m = -238 - j. What is the tens digit of m?
5
Suppose 6*z + 5 = 17. Suppose 0 = 3*r + z*r. What is the units digit of (2 - r - 0) + 17?
9
Suppose 0 = 5*u - 2*g + g - 8240, -u + 1644 = -g. What is the tens digit of u?
4
Suppose 903 + 3111 = 9*z. What is the hundreds digit of z?
4
Let b = 34 - 32. Suppose -3*w - b*w = -5*k + 395, -2*k + 134 = 4*w. What is the tens digit of k?
7
Let m = -89 - -90. What is the units digit of (-19)/(114/(-1404)) + (m - 0)?
5
Let t be (8/32)/((-2)/8). Suppose 50 = 5*o + 15. What is the units digit of (o/((-7)/2))/t?
2
Suppose 157*f - 177*f + 15880 = 0. What is the units digit of f?
4
Let k = -12 + 14. Suppose -5*a = -w - 294, 5 = k*w + 3*w. What is the tens digit of a?
5
Suppose -t - w = -712, -2*w + 2176 = 3*t - 7*w. What is the hundreds digit of t?
7
Suppose -5*v - 2 = -2*g + 18, 2*g + 2*v + 8 = 0. Suppose -11*q + 12*q - 6 = g. Suppose 0 = -0*f + q*f - 30. What is the units digit of f?
5
Let z(c) = 2*c - 2. Let x be z(3). Suppose -x*g = 16, -5*b + 3*g + 268 = 61. Let y = -14 + b. What is the units digit of y?
5
What is the units digit of ((-9)/(-5))/((-84)/(-21560))?
2
Suppose -1735 = -8*i + 1017. What is the hundreds digit of i?
3
Suppose 0 = 5*l - 3*l - 6. Let w = 21 - 19. Suppose l*o + 0*d + d = 75, 0 = 2*o - w*d - 42. What is the units digit of o?
4
Let u = 264 + 26. What is the tens digit of u?
9
Suppose 2*g + 5*h + 220 = 1004, 5*h + 804 = 2*g. Suppose -2*q = -3*r + 282, -4*r - 2*q = -g + 7. What is the units digit of r?
6
Let w(d) = 8*d**2 - 10*d + 22. What is the tens digit of w(7)?
4
Suppose s - 3*s + 4 = 4*b, -6 = b - 3*s. Suppose g + 4*g + 435 = b. Let l = g - -129. What is the units digit of l?
2
Let c(b) = -b**3 - 9*b**2 + 2*b + 14. Let f be c(-9). What is the units digit of 156/3 + (1 - 2 - f)?
5
What is the hundreds digit of ((-54)/81)/((-2)/6876)?
2
Let t = -66 + 93. Suppose 375 = 6*v - t. What is the tens digit of v?
6
Suppose 10765 + 3725 = 35*y. What is the tens digit of y?
1
Let n(w) = -w**3 + 9*w**2 + 2. Suppose y = -2*a + 1, 3*a = -2*y + 5 + 1. Let j be n(y). Suppose -10 + 2 = -j*r. What is the units digit of r?
4
Let a(l) = 6 - 2 - 2*l**3 - 2*l + 3*l**3. Let n be a(0). What is the units digit of 7/(-14) + 110/n?
7
Suppose f + 832 = 3*b + 6*f, -f + 276 = b. What is the hundreds digit of b?
2
Suppose -5*w = -2*q + 43, -3*w - 15 = -2*w - 2*q. Let n = w + 10. Suppose -n*h - h + 25 = 3*s, 0 = h + 4*s - 16. What is the units digit of h?
4
Let y(q) = -11*q - 25. Let d be y(12). Let v = d - -221. What is the tens digit of v?
6
Let s(z) = 11*z**2 + 10*z + 406. What is the units digit of s(-16)?
2
Let s = 99 + -92. Let m(k) be the third derivative of k**4/24 + 13*k**3/6 + 3*k**2. What is the tens digit of m(s)?
2
Let z(o) = o - 1. Let c(n) = -4*n + 23. Let p(h) = c(h) - 2*z(h). What is the hundreds digit of p(-13)?
1
Suppose 7078 = 5*g + 3*a + 551, 3901 = 3*g - 2*a. What is the units digit of g?
3
Let w(l) = l**2 - 101*l - 38. What is the units digit of w(-36)?
4
Suppose u - c = 18, -2*u - 2*u + 77 = -5*c. Let p = 148 + u. What is the tens digit of p?
6
Suppose -3*g + l + 4 = 0, g - 3 = l - 1. What is the tens digit of (2*g)/((-21)/(-546))?
5
Let u = 13 - -52. What is the units digit of u?
5
Let m(p) = 55*p - 8. Let z(x) = -18*x + 3. Let n(f) = -4*m(f) - 11*z(f). Let q be n(-1). Let a = 23 - q. What is the units digit of a?
2
Suppose 49*f - 48*f = 186. What is the tens digit of f?
8
Let u(i) = 66*i**3 + 3*i - 65*i**3 - 8 - 6*i**2 + 0*i. Let g be u(6). What is the tens digit of (-18)/(-90) - (-338)/g?
3
What is the tens digit of (-2194)/48*-6 - (-5)/(-20)?
7
Suppose 0 = 4*o - 0*m - 4*m - 1364, 0 = 2*o + 2*m - 678. What is the tens digit of o?
4
Let q = -2101 + 2292. What is the tens digit of q?
9
Suppose 2*c - 5*k + 21 = c, 2*c = -2*k + 18. Let g be c*150*(-7)/14. What is the tens digit of (-24)/10*g/18?
4
Let w(o) be the third derivative of o**4/24 + 10*o**3/3 - 5*o**2. Let k be w(-16). What is the units digit of k - (2 + (-2 - 4))?
8
Suppose 0*s - 5*s = -20. Suppose -5*g + 808 = 2*b + b, 3*g = -s*b + 1081. What is the units digit of b?
1
Suppose -2*u + 252 = -5*b, -3*u = -3*b + 5*b + 116. Let k = 121 + b. What is the tens digit of k?
6
Let v be 14/8*(-20)/(-5). Let g(f) = 2*f**2 + f**3 + 3*f**2 + v*f + 0 + 2*f**2 - 4. What is the tens digit of g(-5)?
1
Suppose -14*i + 873 = -5*i. What is the units digit of i?
7
What is the thousands digit of 312800/140 + (12/21)/(-2)?